{"id":2408,"date":"2023-08-14T23:07:39","date_gmt":"2023-08-15T04:07:39","guid":{"rendered":"https:\/\/www.markham.edu.pe\/gala\/?post_type=product&#038;p=2408"},"modified":"2024-07-11T16:17:00","modified_gmt":"2024-07-11T21:17:00","slug":"houses-for-chincha","status":"publish","type":"product","link":"https:\/\/www.markham.edu.pe\/gala\/proyecto\/houses-for-chincha\/","title":{"rendered":"Markham Building Project"},"content":{"rendered":"<p>Markham College inici\u00f3 el proyecto Chincha en 2007, tras el terremoto que dej\u00f3 a cientos de personas sin hogar. Inicialmente se di\u00f3 asistencia de emergencia y en 2010 se comenz\u00f3 a construir casas para familias vulnerables de la zona. Desde esa fecha hasta ahora, m\u00e1s de 6 000 estudiantes voluntarios de 11 a 18 a\u00f1os de edad han construido 465 casas. Adem\u00e1s de darle un techo a las familias, es una oportunidad para que los estudiantes del Markham estrechen v\u00ednculos con los pobladores, comprendan mejor a su pa\u00eds y desarrollen habilidades de liderazgo entre otras. La meta para 2023 es construir 60 casas y para 2024 lograr otras 60 m\u00e1s.<\/p>\n","protected":false},"excerpt":{"rendered":"<p>Markham College inici\u00f3 el proyecto Chincha en 2007, tras el terremoto que dej\u00f3 a cientos de personas sin hogar. Inicialmente se di\u00f3 asistencia de emergencia y en 2010 se comenz\u00f3 a construir casas para familias vulnerables de la zona. Desde esa fecha hasta ahora, m\u00e1s de 6 000 estudiantes voluntarios de 11 a 18 a\u00f1os &hellip; <\/p>\n<p class=\"link-more\"><a href=\"https:\/\/www.markham.edu.pe\/gala\/proyecto\/houses-for-chincha\/\" class=\"more-link\">Continue reading<span class=\"screen-reader-text\"> &#8220;Markham Building Project&#8221;<\/span><\/a><\/p>\n","protected":false},"featured_media":5832,"template":"","meta":{"inline_featured_image":false},"product_cat":[66],"product_tag":[],"class_list":["post-2408","product","type-product","status-publish","has-post-thumbnail","hentry","product_cat-proyectos-simples","cpw-product"],"acf":[],"_links":{"self":[{"href":"https:\/\/www.markham.edu.pe\/gala\/wp-json\/wp\/v2\/product\/2408","targetHints":{"allow":["GET"]}}],"collection":[{"href":"https:\/\/www.markham.edu.pe\/gala\/wp-json\/wp\/v2\/product"}],"about":[{"href":"https:\/\/www.markham.edu.pe\/gala\/wp-json\/wp\/v2\/types\/product"}],"wp:featuredmedia":[{"embeddable":true,"href":"https:\/\/www.markham.edu.pe\/gala\/wp-json\/wp\/v2\/media\/5832"}],"wp:attachment":[{"href":"https:\/\/www.markham.edu.pe\/gala\/wp-json\/wp\/v2\/media?parent=2408"}],"wp:term":[{"taxonomy":"product_cat","embeddable":true,"href":"https:\/\/www.markham.edu.pe\/gala\/wp-json\/wp\/v2\/product_cat?post=2408"},{"taxonomy":"product_tag","embeddable":true,"href":"https:\/\/www.markham.edu.pe\/gala\/wp-json\/wp\/v2\/product_tag?post=2408"}],"curies":[{"name":"wp","href":"https:\/\/api.w.org\/{rel}","templated":true}]}}