{"id":2403,"date":"2023-08-14T23:06:18","date_gmt":"2023-08-15T04:06:18","guid":{"rendered":"https:\/\/www.markham.edu.pe\/gala\/?post_type=product&#038;p=2403"},"modified":"2024-07-11T16:17:10","modified_gmt":"2024-07-11T21:17:10","slug":"nubes-de-cambio","status":"publish","type":"product","link":"https:\/\/www.markham.edu.pe\/gala\/spa\/proyecto\/nubes-de-cambio\/","title":{"rendered":"NUBES de CAMBIO"},"content":{"rendered":"<p>La construcci\u00f3n de atrapanieblas data desde hace mucho tiempo en el Markham (2009) institucionaliz\u00e1ndose en el 2021 con el proyecto Dream-catchers. Ese a\u00f1o, el Patronato Markham tom\u00f3 la decisi\u00f3n de apoyar institucionalmente a un grupo de alumnos voluntarios del Markham quienes trabajaron con la ONG Peruanos sin Agua y construyeron 12 atrapanieblas para dotar de agua a la comunidad de El Tr\u00e9bol en San Juan de Miraflores. Con estos atrapanieblas se logr\u00f3 ayudar a 35 familias.<\/p>\n<p>En 2022 debido a la pandemia el proyecto no continu\u00f3 y se retom\u00f3 en 2023 con el nombre Nubes de Cambio. A la fecha, los estudiantes han logrado que 60 familias de Valle Escondido en Villa Mar\u00eda Del Triunfo tengan acceso a agua, por medio de la instalaci\u00f3n de 30 atrapanieblas. Para 2024 la meta es construir 40 atrapanieblas m\u00e1s que ayudar\u00e1n a 80 familias de la zona.<\/p>","protected":false},"excerpt":{"rendered":"<p>La construcci\u00f3n de atrapanieblas data desde hace mucho tiempo en el Markham (2009) institucionaliz\u00e1ndose en el 2021 con el proyecto Dream-catchers. Ese a\u00f1o, el Patronato Markham tom\u00f3 la decisi\u00f3n de apoyar institucionalmente a un grupo de alumnos voluntarios del Markham quienes trabajaron con la ONG Peruanos sin Agua y construyeron 12 atrapanieblas para dotar de &hellip; <\/p>\n<p class=\"link-more\"><a href=\"https:\/\/www.markham.edu.pe\/gala\/spa\/proyecto\/nubes-de-cambio\/\" class=\"more-link\">Continuar leyendo<span class=\"screen-reader-text\"> &#8220;NUBES de CAMBIO&#8221;<\/span><\/a><\/p>","protected":false},"featured_media":5831,"template":"","meta":{"inline_featured_image":false},"product_cat":[66],"product_tag":[],"class_list":["post-2403","product","type-product","status-publish","has-post-thumbnail","hentry","product_cat-proyectos-simples","cpw-product"],"acf":[],"_links":{"self":[{"href":"https:\/\/www.markham.edu.pe\/gala\/spa\/wp-json\/wp\/v2\/product\/2403","targetHints":{"allow":["GET"]}}],"collection":[{"href":"https:\/\/www.markham.edu.pe\/gala\/spa\/wp-json\/wp\/v2\/product"}],"about":[{"href":"https:\/\/www.markham.edu.pe\/gala\/spa\/wp-json\/wp\/v2\/types\/product"}],"wp:featuredmedia":[{"embeddable":true,"href":"https:\/\/www.markham.edu.pe\/gala\/spa\/wp-json\/wp\/v2\/media\/5831"}],"wp:attachment":[{"href":"https:\/\/www.markham.edu.pe\/gala\/spa\/wp-json\/wp\/v2\/media?parent=2403"}],"wp:term":[{"taxonomy":"product_cat","embeddable":true,"href":"https:\/\/www.markham.edu.pe\/gala\/spa\/wp-json\/wp\/v2\/product_cat?post=2403"},{"taxonomy":"product_tag","embeddable":true,"href":"https:\/\/www.markham.edu.pe\/gala\/spa\/wp-json\/wp\/v2\/product_tag?post=2403"}],"curies":[{"name":"wp","href":"https:\/\/api.w.org\/{rel}","templated":true}]}}